{"id":9,"date":"2021-10-28T09:11:21","date_gmt":"2021-10-28T09:11:21","guid":{"rendered":"http:\/\/www.podologocantabria.com\/?page_id=9"},"modified":"2021-10-28T09:50:27","modified_gmt":"2021-10-28T09:50:27","slug":"conocenos","status":"publish","type":"page","link":"https:\/\/www.podologocantabria.com\/","title":{"rendered":"CON\u00d3CENOS"},"content":{"rendered":"\n<p>La&nbsp;<strong>cl\u00ednica podol\u00f3gica Elena Urculo<\/strong>&nbsp;es un&nbsp;<strong>centro integral del cuidado de pie<\/strong>, en el cual se estudian y dan soluciones a las alteraciones y patolog\u00edas directas o referidas del pie, as\u00ed como su tratamiento y prevenci\u00f3n.<\/p>\n\n\n\n<p><strong>El pod\u00f3logo est\u00e1 legalmente cualificado y autorizado para la promoci\u00f3n, prevenci\u00f3n y tratamiento de las afecciones y deformidades de los pies<\/strong>&nbsp;con plena autonom\u00eda para recibir directamente a los pacientes.<\/p>\n\n\n\n<p>En nuestra cl\u00ednica prima la profesionalidad avalada por a\u00f1os de experiencia y el buen trato hacia el paciente inform\u00e1ndole en todo momento de las diferentes opciones de tratamiento aplicados a cada problema espec\u00edfico.<\/p>\n\n\n\n<p>Nuestra cl\u00ednica esta situada en una calle principal de Castro Urdiales dando servicio al municipio y a sus alrededores, el acceso es optimo ya que estamos situados a pie de calle y&nbsp;<strong>contamos con rampa de acceso para minusv\u00e1lidos<\/strong>, de esta forma cumplimos todas la necesidades para dar servicio a personas con movilidad reducida.<\/p>\n\n\n\n<p>Los servicios que ofrece nuestra cl\u00ednica son muy diversos y todos los tratamientos que se aplican est\u00e1n avalados por un personal cualificado, formado en varios \u00e1mbitos de la sanidad y en constante reciclaje.<\/p>\n\n\n\n<p><strong>Todo nuestro material e instrumentaci\u00f3n cumple con las m\u00e1s exigentes normas de seguridad e higiene<\/strong>, esterilizando todo el instrumental utilizado con cada paciente para su seguridad y tranquilidad.<\/p>\n\n\n\n<p>En la&nbsp;<strong>Cl\u00ednica Podol\u00f3gica Elena Urculo<\/strong>, podr\u00e1 solicitar consulta para resolver cualquier duda que tenga, estaremos encantados de atenderle, aconsej\u00e1ndole profesionalmente, de una forma cordial de manera que el paciente en todo momento comprenda las explicaciones y consejos dado por nuestro personal.<\/p>\n\n\n\n<p>Adem\u00e1s creemos que<strong>&nbsp;es tan importante la formaci\u00f3n y profesionalidad como el ofrecer un buen trato personal<\/strong>&nbsp;y que el paciente se encuentre en un ambiente familiar facilit\u00e1ndole la comunicaci\u00f3n y el trato con nosotros.<\/p>\n","protected":false},"excerpt":{"rendered":"<p>La&nbsp;cl\u00ednica podol\u00f3gica Elena Urculo&nbsp;es un&nbsp;centro integral del cuidado de pie, en el cual se estudian y dan soluciones a las alteraciones y patolog\u00edas directas o referidas del pie, as\u00ed como su tratamiento y prevenci\u00f3n. El pod\u00f3logo est\u00e1 legalmente cualificado y autorizado para la promoci\u00f3n, prevenci\u00f3n y tratamiento de las afecciones y deformidades de los pies&nbsp;con &hellip; <a href=\"https:\/\/www.podologocantabria.com\/\" class=\"more-link\">Seguir leyendo <span class=\"screen-reader-text\">CON\u00d3CENOS<\/span> <span class=\"meta-nav\">&rarr;<\/span><\/a><\/p>\n","protected":false},"author":1,"featured_media":0,"parent":0,"menu_order":1,"comment_status":"closed","ping_status":"closed","template":"","meta":{"footnotes":""},"class_list":["post-9","page","type-page","status-publish","hentry"],"_links":{"self":[{"href":"https:\/\/www.podologocantabria.com\/index.php\/wp-json\/wp\/v2\/pages\/9","targetHints":{"allow":["GET"]}}],"collection":[{"href":"https:\/\/www.podologocantabria.com\/index.php\/wp-json\/wp\/v2\/pages"}],"about":[{"href":"https:\/\/www.podologocantabria.com\/index.php\/wp-json\/wp\/v2\/types\/page"}],"author":[{"embeddable":true,"href":"https:\/\/www.podologocantabria.com\/index.php\/wp-json\/wp\/v2\/users\/1"}],"replies":[{"embeddable":true,"href":"https:\/\/www.podologocantabria.com\/index.php\/wp-json\/wp\/v2\/comments?post=9"}],"version-history":[{"count":1,"href":"https:\/\/www.podologocantabria.com\/index.php\/wp-json\/wp\/v2\/pages\/9\/revisions"}],"predecessor-version":[{"id":10,"href":"https:\/\/www.podologocantabria.com\/index.php\/wp-json\/wp\/v2\/pages\/9\/revisions\/10"}],"wp:attachment":[{"href":"https:\/\/www.podologocantabria.com\/index.php\/wp-json\/wp\/v2\/media?parent=9"}],"curies":[{"name":"wp","href":"https:\/\/api.w.org\/{rel}","templated":true}]}}