{"id":11,"date":"2021-10-28T09:13:09","date_gmt":"2021-10-28T09:13:09","guid":{"rendered":"http:\/\/www.podologocantabria.com\/?page_id=11"},"modified":"2021-10-28T09:55:11","modified_gmt":"2021-10-28T09:55:11","slug":"ubicacion","status":"publish","type":"page","link":"https:\/\/www.podologocantabria.com\/index.php\/ubicacion\/","title":{"rendered":"UBICACI\u00d3N"},"content":{"rendered":"\n<p>Nos podr\u00e1s encontrar en :<\/p>\n\n\n\n<p>Cl\u00ednica Podol\u00f3gica Elena \u00darculo<br>C\/ Santander, 3 Bajo<br>Castro Urdiales 39700 Cantabria<br>Tlf. 942784528<\/p>\n","protected":false},"excerpt":{"rendered":"<p>Nos podr\u00e1s encontrar en : Cl\u00ednica Podol\u00f3gica Elena \u00darculoC\/ Santander, 3 BajoCastro Urdiales 39700 CantabriaTlf. 942784528<\/p>\n","protected":false},"author":1,"featured_media":12,"parent":0,"menu_order":2,"comment_status":"closed","ping_status":"closed","template":"","meta":{"footnotes":""},"class_list":["post-11","page","type-page","status-publish","has-post-thumbnail","hentry"],"_links":{"self":[{"href":"https:\/\/www.podologocantabria.com\/index.php\/wp-json\/wp\/v2\/pages\/11","targetHints":{"allow":["GET"]}}],"collection":[{"href":"https:\/\/www.podologocantabria.com\/index.php\/wp-json\/wp\/v2\/pages"}],"about":[{"href":"https:\/\/www.podologocantabria.com\/index.php\/wp-json\/wp\/v2\/types\/page"}],"author":[{"embeddable":true,"href":"https:\/\/www.podologocantabria.com\/index.php\/wp-json\/wp\/v2\/users\/1"}],"replies":[{"embeddable":true,"href":"https:\/\/www.podologocantabria.com\/index.php\/wp-json\/wp\/v2\/comments?post=11"}],"version-history":[{"count":1,"href":"https:\/\/www.podologocantabria.com\/index.php\/wp-json\/wp\/v2\/pages\/11\/revisions"}],"predecessor-version":[{"id":13,"href":"https:\/\/www.podologocantabria.com\/index.php\/wp-json\/wp\/v2\/pages\/11\/revisions\/13"}],"wp:featuredmedia":[{"embeddable":true,"href":"https:\/\/www.podologocantabria.com\/index.php\/wp-json\/wp\/v2\/media\/12"}],"wp:attachment":[{"href":"https:\/\/www.podologocantabria.com\/index.php\/wp-json\/wp\/v2\/media?parent=11"}],"curies":[{"name":"wp","href":"https:\/\/api.w.org\/{rel}","templated":true}]}}